 = 3*m - 6. Suppose 2*q = 4*q - l. Give s(q).
-7
Let i(v) be the second derivative of -1/20*v**5 + 0*v**2 + 1/2*v**4 + v - v**3 + 0. Let d(o) = o**2 - 2*o - 4. Let g be d(4). Determine i(g).
8
Let b(g) = g**2 - 6*g - 4. Let t be b(6). Let n(l) be the first derivative of -l**4/4 - 4*l**3/3 + 4*l - 92. What is n(t)?
4
Let u be (-4 + 5)/((-4)/4). Let f(m) = 3*m**2 + m. Give f(u).
2
Suppose -4 = -d - k, 3*k + 6 = -d + 7*k. Let f(c) = 3 + 5*c - c - d*c. Suppose 0 = 3*z - 3*p + 9, 2*z - 5*p = -z - 9. What is f(z)?
-3
Let b be 2 - 0 - -2 - 1. Suppose -2*l - b*p = 2 - 34, -4*p = -8. Suppose -x = -2*g + 8, -2*g - 2*x + 1 = -l. Let j(f) = f**2 - 3*f - 5. Determine j(g).
5
Suppose 2 = w - g, 0*g - 4*g = 2*w - 16. Let x(t) = -t**2 + 3*t + 2. Calculate x(w).
-2
Let b be (3 + -1 - -1) + -2. Let k be (-1)/(((-6)/(-4))/3). Let q = k - b. Let r(u) = u - 1. What is r(q)?
-4
Suppose -5*w + 25 = 0, y - 3*w + 15 = -0. Let r(j) = j + 6. Determine r(y).
6
Suppose -b + 4 = 5. Let x = b - -2. Let f(g) = -6*g - 1. Give f(x).
-7
Let i(z) = z**3 + 3*z**2 + 4*z + 3. Suppose -k = 4*k. Suppose -6 + 3 = 5*q + 4*d, -2*q - 5*d + 9 = 0. Let m = q - k. Determine i(m).
-9
Let q be 2*(0 + 1 + 1). Suppose 9 = -q*f + f. Let s(t) = 1 + 0 + 17*t - t**2 - 16*t - 4*t + 2. Calculate s(f).
3
Let a(y) = -4*y**3 - 2*y**2 + 5*y - 9. Suppose -4*q + 15 = q. Let o(t) = -5*t**3 + 0*t**3 - 10 + 5*t - q*t**2 + t. Let s(r) = -6*a(r) + 5*o(r). Calculate s(-3).
4
Let z(g) = -g**2 - 2*g + 1. Suppose 6*m + 2 = 8*m. Let o be z(m). Let d(q) be the first derivative of -q**2/2 + q - 1. What is d(o)?
3
Let g(t) = -t**3 + 3*t**2 + 3*t + 3. Let j(s) = -s + 10. Let k be j(6). Calculate g(k).
-1
Let o be (-12)/(-54) + 40/(-18). Let y be ((-4)/6)/((-2)/6). Let m(t) = -2 - 4*t**2 + 0*t**2 + y*t**2 - 4*t. Determine m(o).
-2
Suppose -5*w = 6 + 14. Let q(c) = -c**2 - 5*c - 3. Give q(w).
1
Let y(u) = u**3 + 5*u**2 + u - 6. Suppose r + 3*r = -20. What is y(r)?
-11
Let j be 50/18 - 6/(-27). Suppose -j*m - 9 = -k + 8, -4*k = 5*m + 34. Let h = 3 + m. Let y(u) = -u**2 - 6*u - 2. What is y(h)?
7
Let w(t) = 7*t**2 - 2*t + 1. Let o(y) = -y**2 - 2*y + 16. Let q be o(-5). What is w(q)?
6
Let w(q) be the third derivative of -3*q**2 + 1/6*q**3 + 0*q + 1/60*q**5 + 0 + 5/24*q**4. What is w(-4)?
-3
Let z(s) = s - 2. Let k = 5 + -7. Let h be -3 - (1 + k) - -2. Suppose 0 = -h*t + 2*t - 6. Give z(t).
1
Let k be (-2)/(-8) - (-258)/24. Let z(j) = 1 - 6*j + k*j - 2*j. What is z(1)?
4
Let g(c) be the second derivative of -5*c - 1/12*c**4 - 1/6*c**3 + 1/20*c**5 + 0 - 5/2*c**2. Determine g(0).
-5
Let u(o) = -o**3 - 2*o**2 - 3*o - 2. Let d be (1 - 0)/(-2 + 1). Let r be (-1)/(-1 - d/2). Suppose -j = 2*c - r, -4*j - 3*c + 0 - 2 = 0. Calculate u(j).
4
Let j = 24 + -17. Suppose g - j = -2. Let q(f) = -f**2 + 5*f + 6. What is q(g)?
6
Let u(k) = -k**3 - 5*k**2 - 1. Let c be (-7 - -3 - -14)/(-2). Determine u(c).
-1
Let n(w) = -7*w**2 - 9. Let d be (-1)/4 + 138/8. Let i(a) = 20*a**2 + 26. Let h(y) = d*n(y) + 6*i(y). What is h(0)?
3
Let j(d) = -d**3 + 6*d**2 - 5*d + 1. Suppose -r = -2*r - 4*t + 2, 2 = -3*r - 4*t. Let y be (-12)/2 - r - 0. Let u = 1 - y. Give j(u).
1
Suppose 2*i + 34 = -3*k - 29, -5*i - 21 = k. Let t be ((-40)/12 - -3)*k. Let w(o) = o - 7. What is w(t)?
0
Let f(r) be the first derivative of -r**4/4 - r**3/3 + r**2/2 + 4*r + 16. Calculate f(0).
4
Suppose 0 = -3*t - 0*t - 15. Let v(h) = h - 1. Let k(l) = -3*l + 1. Let j(g) = t*v(g) - 2*k(g). Let a be (-4)/3 + 4/(-6). Determine j(a).
1
Let x(l) be the third derivative of -l**5/60 - 7*l**4/24 - l**3 - 9*l**2. What is x(-6)?
0
Let u = 5 - 3. Let d = 7 - 3. Let r(o) = 0*o**2 - 2*o**3 + 3*o**2 - 1 + d - 3*o. Calculate r(u).
-7
Suppose -2*u + 3*s - 5 = -0*s, 2*s = 2*u + 2. Let c(v) = 9*v - 3. What is c(u)?
15
Let f be (-54)/(-45)*15/6. Let k(q) = -3*q - 4 + q**2 + 3*q**2 - 3*q**2. Give k(f).
-4
Let m = 136 + -129. Let x(w) = w**3 - 6*w**2 - 7*w - 4. Determine x(m).
-4
Let h(n) be the second derivative of n**5/20 + n**3/6 + 5*n**2/2 - n. Suppose -5*s + 9*s = 60. Let t = 15 - s. Determine h(t).
5
Let g be 20/(-9) + 8/36. Suppose 0*p = 3*p - 6. Let q(d) = 3 - 2*d**2 + 2*d**p + 2*d - d**2. Give q(g).
-5
Let l(r) = 2*r**3 + r**2 + 2*r - 2 + 3*r**2 + 5 - 4. Give l(-2).
-5
Let l = -11 - -5. Let s be -12*(3/l - 0). Let y(g) = -g**3 + 6*g**2 + 3. What is y(s)?
3
Suppose -b - 2 - 1 = 0. Let o(j) = -3*j + 9. Let u(x) be the first derivative of -x**2 + 5*x + 3. Let k(g) = -3*o(g) + 5*u(g). Determine k(b).
1
Let y(d) = 9*d - 5. Let h(m) = -8*m + 4. Let n(l) = -4*h(l) - 3*y(l). Let u be (-2)/12*2*-6. Let a be (-35)/(-25) - u/5. Calculate n(a).
4
Let r be 1 + 36/(-6) - 5. Let f(t) = -t**3 - 10*t**2 - 3*t - 15. Determine f(r).
15
Let k be -2 - (0/1)/(-3). Let d(s) = 2*s - 1. What is d(k)?
-5
Suppose j - 47 + 34 = 0. Suppose 23 = -4*r - m, 4*r - m - j = -46. Let t(o) = o**3 + 7*o**2 - o - 8. Calculate t(r).
-1
Let w(q) = -q**2 + 7*q + 4. Let b be w(8). Let h be (4/(-10))/(3/(-60)). Let n = b + h. Let t(g) = g**2 - 6*g + 4. Calculate t(n).
-4
Let n(r) be the third derivative of -2*r**2 + 0 + 1/12*r**4 + 0*r + 1/2*r**3. What is n(3)?
9
Let h(k) = k + 1. Let g(j) = -j**3 - 12*j**2 - 12*j - 5. Let z be g(-11). Give h(z).
7
Let g(a) = a**2 - 2*a - 1. Let p be g(3). Let k(c) = c**2 - 3*c + 2. Determine k(p).
0
Let p(j) = j**3 - 4*j**2 + 3*j - 6. Let i be p(4). Suppose 0 = f - 0*f + 2*o + 9, -i = -3*f + 5*o. Let l(z) = -3*z - 4. Give l(f).
5
Let i(a) = a**3 + 2*a**2 - 3*a + 3. Let n(d) = -d. Suppose 0*r = -2*r + 5*s + 1, 2*r - 4*s = 2. Let f be n(r). Determine i(f).
3
Let t(c) = -9 + 2*c + 5*c + 8 - 7*c**2 - 5*c. Suppose j + 1 = 2*j. What is t(j)?
-6
Let k(c) = -c - 5. Let b be (-1)/(62/20 - 3). Calculate k(b).
5
Let d be 4*2/(32/12). Let b(p) = 0*p - 5*p + 2 + d*p. Determine b(5).
-8
Let a(f) = f - 1. Suppose 5*h + 12 - 2 = 0, 2*h - 24 = -4*k. Give a(k).
6
Suppose -26 = -3*m + 22. Let j be (1 - -4)/(16/m). Let t(g) = -2*g + 7. Calculate t(j).
-3
Let k(l) = 2*l - 2. Suppose 2*s - 8 = -2*r, 5*r + 5 - 15 = 0. What is k(s)?
2
Let s be 120/18 - 4/6. Let k(z) = 2 - z**2 + 3*z - s*z + 3*z. Calculate k(-2).
-2
Let u(a) = -a**2 + 5*a - 4. Let n = 32 + -27. Suppose -m - 7 = m - 3*q, 0 = -n*m + q + 15. What is u(m)?
0
Let l(q) = 8*q - 1. Let z(x) = 7*x - 1. Let s(p) = 3*l(p) - 4*z(p). Suppose 4*n - 13 = d, 3*n - d = -2*n + 15. What is s(n)?
-7
Let b(y) = 9*y**2 - 2*y**2 - y**3 + 0*y - 5*y - 8. What is b(6)?
-2
Let b(t) = -t. Let i(q) = 2*q. Let p(m) = -7*b(m) - 3*i(m). Let l be 52/10 + 7/(-35). What is p(l)?
5
Let u(k) = 3*k + 89. Let a be u(-30). Let r(h) = -6*h**3 - h**2 - h - 1. What is r(a)?
5
Let n(t) = 3*t - 3. Suppose -3 + 1 = o - j, -3*j = 2*o + 24. Let w = o - -4. Let h be (w/3)/((-6)/27). Determine n(h).
6
Let d(z) = 4 + 5*z**2 - 2 - 6*z**2 + 4*z + 1. What is d(5)?
-2
Let p be (-3)/12 + 2/8. Let b = 0 - p. Let v(l) = -1. Let x(n) = n - 8. Let f(d) = -3*v(d) + x(d). Give f(b).
-5
Let u(s) be the third derivative of 0 - 1/8*s**4 + 1/120*s**5 - 2*s**2 + 0*s**3 - 1/180*s**6 + 0*s. Let g(j) be the second derivative of u(j). Determine g(1).
-3
Suppose 0 = -c - 0*c - 2. Let j be 5/(-10) - 13/c. Let y(d) = -2*d + 1 + j*d - 2*d. Calculate y(1).
3
Let r be 1/(((-2)/(-120))/(-1)). Let l be 2/(-7) - r/14. Let w(p) be the first derivative of -p**3/3 + 3*p**2 - 4*p + 57. Determine w(l).
4
Let m(n) = 2*n**3 + n. Let u(b) = 2*b - 2. Let f be u(4). Suppose 0 = 2*d - 3*g + 2, g + f = -2*d + 2*g. Let t = 3 + d. What is m(t)?
-3
Let r(x) = 0 + x - 2*x - 6 - x. Determine r(-7).
8
Let m(w) be the third derivative of -w**6/120 - w**5/20 - 5*w**4/24 - w**3/2 + 25*w**2. Determine m(-3).
12
Let a(r) be the third derivative of r**5/60 - 5*r**4/24 - 2*r**3/3 + r**2. Calculate a(6).
2
Let l(x) = 2*x + 3. Suppose -2*j + 3*j - 12 = -4*k, 3*k = 5*j + 9. Let a be (-4)/(0 + 4 - k). Calculate l(a).
-5
Let x be ((-4)/3)/(4/(-6)). Let o(t) = x*t + 3*t - 4*t. Calculate o(-6).
-6
Let w = -10 - -9. Let y(r) = -8*r. Let z(p) = -3*p. Let f(b) = -5*y(b) + 14*z(b). Determine f(w).
2
Let z(w) be the second derivative of -w**8/6720 - w**7/630 - w**6/360 - w**4/3 + w. Let h(f) be the third derivative of z(f). Determine h(-3).
-3
Let y(a) = -a**3 - 2*a**2 + a - 1. Suppose 11 + 9 = 5*h. Suppose -19 - 9 = -h*d. Let p(r) = -r**3 - 3*r**2 + r - 1. Let u(i) = d*y